u = k - -58. Suppose 0 = u*m - 300 - 57. What is the units digit of m?
1
Let y(o) = 3*o**2 - 3*o + 2. Let q be y(2). Suppose 20*n - 13*n = 28. Suppose 4*j - 223 = f, -q*f = -3*j - n*f + 177. What is the tens digit of j?
5
What is the hundreds digit of (301047/23)/((-2)/(-2) - (-12)/24)?
7
Suppose g + 101 = -0*v + 3*v, 0 = 5*v - 2*g - 169. Let i = v - 28. Suppose 303 + 232 = i*d. What is the hundreds digit of d?
1
Suppose -39 = -5*q - 4*v - 15, 4*q - 24 = -2*v. Suppose q*a + 34 = 2*t + 4*a, 25 = -5*a. Suppose -t*n + 2*n + 725 = 0. What is the tens digit of n?
4
Let g = -133 + 136. Suppose 0 = g*o - 44 + 38. Suppose -z = -2*n - 229, -5*z - 7*n + o*n = -1085. What is the tens digit of z?
2
Suppose 4*l = 4*g - 498 + 9022, -10651 = -5*l + g. Suppose 0*a + 10*a - l = 0. What is the tens digit of a?
1
Let b = 26703 + -17992. What is the thousands digit of b?
8
Let v(i) = 12 - 8 + 18*i - i**2 - 6*i. What is the units digit of v(11)?
5
Let k(t) = 87*t - 334. What is the thousands digit of k(47)?
3
Let m be 6/39 + (-16)/104. Suppose m = 4*i - 0*i - 4*p - 92, 3*i - 69 = 2*p. Suppose a = i + 15. What is the units digit of a?
8
Let y(i) = -i**3 + 59*i**2 + 1242*i + 48. What is the thousands digit of y(69)?
8
Let i be 2/6 + (-2)/6*-68. Let t = i + -15. Let f = t - 4. What is the units digit of f?
4
Let a be (-13)/(429/(-60)) - 2/(-11). Let t be a/(-4)*-202 - (1 - 1). Suppose -57 = -i - 5*m, -5*m + t = 2*i - 38. What is the units digit of i?
2
Suppose -536*z + 482*z + 1087182 = 0. What is the thousands digit of z?
0
Let f = -108 + 113. Suppose -804 = -x + 4*t, 2*t + 2464 = f*x - 1592. What is the tens digit of x?
1
Let b = 110 - 108. Suppose b*o = -0*o + 136. Let n = 93 - o. What is the units digit of n?
5
Suppose -5*q = -0*q - 45. Let p = -32 + q. Let z = p - -249. What is the hundreds digit of z?
2
Let s be 2*-138*(-3)/(10 + 2). Let r be (-8)/(-20) + (s/15)/1. Suppose 0 = r*x + 3*t + t - 633, 2 = t. What is the tens digit of x?
2
Let r(q) = 3*q**2 - 56*q - 28. Let z be r(19). Let a(k) be the third derivative of -2*k**4/3 - 4*k**3 + k**2. What is the units digit of a(z)?
0
Suppose l - 363 + 80 = 0. Let t = -197 + l. What is the tens digit of t?
8
Suppose 5*r = -13 + 38. Let c be ((-10)/(-30))/(12/180). Suppose r*p - 1600 = -c*p. What is the units digit of p?
0
Suppose -2*x = -2*o + 2*x - 48, -x = -4*o - 96. Let k = o - -28. Suppose k*m - 21 = 11. What is the units digit of m?
8
Suppose -133*x + 543197 + 410147 = 0. What is the tens digit of x?
6
Let s(a) = -410*a - 20. Let h be s(-7). Suppose -8*d + h + 1998 = 0. What is the units digit of d?
6
Let p be -88 + 89 + 60*10/(-2). Let g = 468 + p. What is the hundreds digit of g?
1
Suppose 11*z - 6*z + 2*o - 163209 = 0, -2*o = -z + 32649. What is the tens digit of z?
4
What is the hundreds digit of 6*(-135278)/(-264) - (-2)/4?
0
Suppose -3*i = 5*w - 55154, 3*i + 11085 = w + 47. Let y be 2/9 + w/(-72). Let h = 226 + y. What is the units digit of h?
3
Suppose 3*f - y - 81724 = 0, f + 3*y - 19742 = 7476. What is the hundreds digit of f?
2
Suppose -175 = -5*x - 45. Let r = 21 - x. Let u = 61 - r. What is the units digit of u?
6
What is the hundreds digit of 9 + (-57616)/(-40)*5?
2
Let f(z) be the second derivative of -11*z**3/6 - 3*z**2/2 + z. Suppose -5*v - 29 = -v + 5*k, -2*k - 10 = 0. What is the units digit of f(v)?
8
Let m = 27799 + -19749. What is the hundreds digit of m?
0
Suppose a + 66 = -11*s + 16*s, -3*s = 4*a - 58. What is the units digit of (-37)/(-3)*(137 - s)?
7
Let d(v) = 24*v - 56. Let k = 102 - 89. What is the hundreds digit of d(k)?
2
Let j be -4 - -6 - 9 - (-2)/(-1). Let o(u) = -22*u - 43. What is the tens digit of o(j)?
5
Let a(v) = 3*v**2 + 8*v - 47. Suppose 3*d = -3*z - z + 30, -5*d = 5*z - 35. What is the tens digit of a(z)?
6
Suppose 140080 = -89*p + 99*p. What is the hundreds digit of p?
0
Let i be (-36)/(-12) - -2*1. Suppose i*u - 24 = -9, -3*u + 11 = a. Suppose 2 = p + 5*j, 5*j - 3*j = -a. What is the units digit of p?
7
Suppose v = -55 - 74. Let y = v + 41. Let f = 160 + y. What is the tens digit of f?
7
Let c(k) = -30*k - 7. Let t = -158 + 156. What is the units digit of c(t)?
3
Let l(c) = -c**3 + 17*c**2 + 3*c + 3. Let a = 505 + -492. What is the hundreds digit of l(a)?
7
Let u = 7483 - 5150. What is the units digit of u?
3
Let n = 2796 + -310. What is the tens digit of n?
8
Let x(s) = s + 20. Let z be x(-4). Suppose k - z = -7*k. Suppose 460 = k*i + 3*i. What is the tens digit of i?
9
Suppose 262 - 5056 = -6*o. Suppose 7*l = -o + 6140. What is the units digit of l?
3
Let a = 43100 - 25693. What is the thousands digit of a?
7
Let z(g) = -6*g + 252. Let r be z(34). What is the tens digit of (r/(-32))/(-6*3/1356)?
1
Suppose w = -4*r + 5796, -6*r - 11625 = -2*w - 3*r. What is the hundreds digit of w?
8
What is the units digit of (25704/14)/(18/288)?
6
Let f be 7 + (-3)/3*(6 + -3). Let g be (3 - 300/(-8)) + (-2)/f. Let z = g - 38. What is the units digit of z?
2
Suppose 2*v + 6 = -3*v - 3*s, 3*v = -3*s - 6. Suppose 3*i = v, -h - 4*i + 21 = -0*i. What is the units digit of ((-1)/(-3)*-22)/((-14)/h)?
1
What is the units digit of 304036976/5174 + 6/(-13)?
2
Let n = -68 - -56. Let a(v) = -7*v - 27 - v**2 - 10*v - v**2 + v**2. What is the tens digit of a(n)?
3
Let g(x) be the first derivative of -9*x**2/2 + 51*x - 84. What is the units digit of g(-9)?
2
What is the ten thousands digit of (-5667389)/(-369) - 4/(-18)?
1
Let v(f) = 133*f**3 - f**2 + f + 1. Let l be v(1). Suppose 0 = 5*g - 303 - 1007. Suppose g = 6*b - l. What is the tens digit of b?
6
Suppose -4*y + y + b - 1 = 0, 0 = 2*y - 2*b + 2. Suppose 0 = -i + 1, 5*x - x + i - 133 = y. What is the tens digit of x/3*-1*63/(-9)?
7
Let z(b) = 25*b + 134. Let o(x) = -x - 2. Let c(i) = 6*o(i) + z(i). What is the hundreds digit of c(24)?
5
Suppose 6*l = -l - 0*l. Suppose c = -5*w + 3121, l = 2*w + 2*c + 283 - 1525. What is the tens digit of w?
2
Let z = 23 + -1. Let v(r) = 2*r**2 - 40*r + 185. Let s be v(7). What is the tens digit of (244/(-6))/(z/(-6) + s)?
6
What is the units digit of -5 + (-401405)/(-40) - 1/8?
0
Suppose 3*o = 3*v - 2382, 3*v - 16*o + 12*o - 2382 = 0. What is the units digit of (-2 - 5) + 30 + v?
7
Let s(b) = b**2 - 9*b - 186. What is the tens digit of s(-14)?
3
Let g(o) = -o**3 + 7*o**2 - 10*o + 3. Let y be g(5). Let d be (1/(-2))/(-1*y/618). Suppose 5*j - d = 717. What is the hundreds digit of j?
1
What is the hundreds digit of 40/(-8) - 5 - -5389?
3
Let j(b) = -1191*b - 11. Let o(u) = 1191*u + 13. Let m(c) = -5*j(c) - 4*o(c). What is the hundreds digit of m(1)?
1
Let o = 980 - 718. Let d = o - -793. What is the thousands digit of d?
1
What is the thousands digit of (44/10)/((-170)/(-1992825))?
1
What is the tens digit of (5 + 8985/(-10))*(1 - 9)?
4
Suppose -q + 619 = 5*x, 0 = 4*q + 5*x - 2583 + 32. What is the units digit of q?
4
Let y(l) = 3*l**3 + 12*l**2 + 18*l + 17. Let x(j) = 4*j**3 + 11*j**2 + 19*j + 15. Let a(d) = 2*x(d) - 3*y(d). What is the units digit of a(-16)?
7
Let m = -333 + 3. What is the units digit of m/85 + (-4)/34 + 40?
6
Let l be (-40)/50*(-105)/6. Suppose 2*g + 13 = -m, -5*g + m - 17 = -2*g. What is the tens digit of (864/l)/g*-14?
4
Let i(w) = -65*w - 294. Let v = 680 - 689. What is the units digit of i(v)?
1
Let m = -79 + 84. Suppose -m*v - 3*h = -5*h - 22, 4*v = 5*h + 21. What is the tens digit of v - ((4 - 2) + -15)?
1
What is the units digit of ((-3836)/(-12) - (12 - 3))*84?
6
Let p(l) = 6*l**3 - 2*l - 16. Let w(x) = -5*x**3 + x**2 + 2*x + 15. Let h(v) = -2*p(v) - 3*w(v). What is the hundreds digit of h(6)?
5
Suppose 4*k = 32342 + 83602. What is the units digit of k?
6
Let n(k) = 81*k**3 + 5*k**2 + 16*k - 57. What is the thousands digit of n(3)?
2
Let h = -45 + 80. Let m = -30 + h. Let j(b) = 20*b - 15. What is the units digit of j(m)?
5
Let q = -62553 - -118528. What is the units digit of q?
5
Suppose b + 14992 = 6*l - 48358, 5*b + 52775 = 5*l. What is the ten thousands digit of l?
1
Let r(n) be the first derivative of n**6/360 + n**5/120 - 11*n**4/12 - 10*n**3/3 - 5. Let f(j) be the third derivative of r(j). What is the units digit of f(9)?
8
Suppose 5*g - 171245 = -5*h, -480*h - 171263 = -5*g - 476*h. What is the ten thousands digit of g?
3
What is the hundreds digit of 15057 - (-5 + -6*(-2)